the remainder when 28010031 is divided by 1474212.
3
What is the remainder when 309729 is divided by 9978?
411
What is the remainder when 1789567 is divided by 76?
71
What is the remainder when 45241337 is divided by 90664?
1
Calculate the remainder when 575914 is divided by 575884.
30
What is the remainder when 321159 is divided by 3118?
5
What is the remainder when 14349815 is divided by 39?
38
What is the remainder when 73770 is divided by 1185?
300
Calculate the remainder when 1536205 is divided by 307239.
10
Calculate the remainder when 84484 is divided by 5693.
4782
What is the remainder when 1704117 is divided by 523?
183
Calculate the remainder when 1935853 is divided by 256.
237
Calculate the remainder when 28544362 is divided by 786.
772
What is the remainder when 1224478 is divided by 12?
10
Calculate the remainder when 1107972 is divided by 825.
822
Calculate the remainder when 228078 is divided by 2376.
2358
What is the remainder when 291980 is divided by 999?
272
Calculate the remainder when 75663138 is divided by 586.
576
What is the remainder when 774795 is divided by 387379?
37
What is the remainder when 2395142 is divided by 10505?
2
What is the remainder when 3831731 is divided by 174165?
101
What is the remainder when 3623207 is divided by 7189?
7140
Calculate the remainder when 382815 is divided by 11255.
145
Calculate the remainder when 3409426 is divided by 51.
25
What is the remainder when 3064795 is divided by 167?
11
Calculate the remainder when 72004247 is divided by 125.
122
What is the remainder when 17779 is divided by 2179?
347
Calculate the remainder when 1229532 is divided by 308.
304
What is the remainder when 18708725 is divided by 912?
869
What is the remainder when 11954096 is divided by 903?
182
What is the remainder when 308761 is divided by 308251?
510
Calculate the remainder when 2434294 is divided by 119.
30
Calculate the remainder when 447895 is divided by 27987.
103
What is the remainder when 2960837 is divided by 592161?
32
Calculate the remainder when 94906 is divided by 2453.
1692
Calculate the remainder when 2335365 is divided by 209.
208
Calculate the remainder when 242115288 is divided by 11.
8
What is the remainder when 18822337 is divided by 6274040?
217
Calculate the remainder when 26464 is divided by 6266.
1400
What is the remainder when 734261 is divided by 4958?
477
What is the remainder when 345709 is divided by 1621?
436
What is the remainder when 15668 is divided by 2195?
303
Calculate the remainder when 1663534 is divided by 277254.
10
What is the remainder when 20565 is divided by 101?
62
What is the remainder when 348894027 is divided by 79?
7
Calculate the remainder when 370427 is divided by 40.
27
Calculate the remainder when 27454811 is divided by 602.
601
Calculate the remainder when 13661308 is divided by 10623.
130
Calculate the remainder when 28316 is divided by 96.
92
What is the remainder when 2730849 is divided by 11056?
17
Calculate the remainder when 1204994 is divided by 92.
70
What is the remainder when 3467 is divided by 1666?
135
Calculate the remainder when 9112598 is divided by 1150.
1148
What is the remainder when 22808 is divided by 2612?
1912
What is the remainder when 12024918 is divided by 757?
730
What is the remainder when 2828281 is divided by 12?
1
Calculate the remainder when 58194 is divided by 11.
4
Calculate the remainder when 826187 is divided by 413080.
27
What is the remainder when 111410 is divided by 7920?
530
What is the remainder when 3468133 is divided by 10606?
10577
What is the remainder when 1164080 is divided by 456?
368
What is the remainder when 27961905 is divided by 9709?
9694
What is the remainder when 125630386 is divided by 62815188?
10
What is the remainder when 6980750 is divided by 11?
7
Calculate the remainder when 2325 is divided by 314.
127
What is the remainder when 139266 is divided by 621?
162
What is the remainder when 7660 is divided by 2729?
2202
Calculate the remainder when 152856206 is divided by 17231.
5
What is the remainder when 239720 is divided by 622?
250
Calculate the remainder when 2293301 is divided by 59.
30
Calculate the remainder when 185514 is divided by 113.
81
What is the remainder when 31498722 is divided by 880?
2
Calculate the remainder when 55209 is divided by 631.
312
What is the remainder when 135594 is divided by 2374?
276
What is the remainder when 46269442 is divided by 968?
10
Calculate the remainder when 166824 is divided by 913.
658
Calculate the remainder when 372933 is divided by 91951.
5129
Calculate the remainder when 366856 is divided by 364.
308
What is the remainder when 7647455 is divided by 444?
443
What is the remainder when 2087337910 is divided by 12?
10
Calculate the remainder when 368987 is divided by 372.
335
Calculate the remainder when 167572 is divided by 187.
20
Calculate the remainder when 68623759 is divided by 410.
9
What is the remainder when 4417745 is divided by 24959?
2
Calculate the remainder when 1753281 is divided by 103.
15
Calculate the remainder when 99460544 is divided by 49730260.
24
Calculate the remainder when 3828 is divided by 1163.
339
Calculate the remainder when 891347 is divided by 4224.
83
What is the remainder when 1847139 is divided by 313?
126
Calculate the remainder when 6332604 is divided by 8957.
5
Calculate the remainder when 1238334 is divided by 72840.
54
Calculate the remainder when 638304 is divided by 4.
0
What is the remainder when 1186345478 is divided by 1061?
1060
What is the remainder when 12473458 is divided by 270?
268
Calculate the remainder when 537528764 is divided by 736.
732
Calculate the remainder when 5345383 is divided by 911.
546
Calculate the remainder when 8844749 is divided by 4024.
4021
Calculate the remainder when 275752 is divided by 144.
136
What is the remainder when 284798889 is divided by 426?
423
Calculate the remainder when 1264092 is divided by 7140.
312
Calculate the remainder when 178541 is divided by 59492.
65
Calculate the remainder when 124696335 is divided by 181.
5
What is the remainder when 7538392 is divided by 2512749?
145
Calculate the remainder when 577674 is divided by 192511.
141
What is the remainder when 643962 is divided by 17?
2
What is the remainder when 15950730 is divided by 886151?
12
Calculate the remainder when 571317 is divided by 18304.
3893
Calculate the remainder when 187725043 is divided by 180.
163
Calculate the remainder when 56608446 is divided by 124.
90
Calculate the remainder when 2163955 is divided by 6496.
787
Calculate the remainder when 49220 is divided by 1248.
548
What is the remainder when 1046779 is divided by 523359?
61
Calculate the remainder when 1556475 is divided by 196.
39
What is the remainder when 73742999 is divided by 235?
234
Calculate the remainder when 333792 is divided by 5478.
5112
What is the remainder when 19329141 is divided by 63?
48
What is the remainder when 40229 is divided by 18?
17
Calculate the remainder when 2012787 is divided by 74547.
18
What is the remainder when 593758 is divided by 1584?
1342
What is the remainder when 80195188 is divided by 26?
8
What is the remainder when 9984598 is divided by 3328198?
4
What is the remainder when 1548455 is divided by 2551?
2549
Calculate the remainder when 19045 is divided by 1079.
702
What is the remainder when 687073 is divided by 9677?
6
Calculate the remainder when 3411580 is divided by 461.
180
What is the remainder when 6775791 is divided by 1540?
1331
Calculate the remainder when 203289 is divided by 203283.
6
What is the remainder when 4203758840 is divided by 17?
13
Calculate the remainder when 743674 is divided by 5237.
20
What is the remainder when 49473353 is divided by 487?
484
What is the remainder when 2410802 is divided by 3499?
3490
Calculate the remainder when 566683 is divided by 3120.
1963
Calculate the remainder when 3026203 is divided by 378275.
3
What is the remainder when 9417521 is divided by 7261?
4
Calculate the remainder when 28216121 is divided by 9405361.
38
What is the remainder when 51600310 is divided by 951?
1
Calculate the remainder when 4226091 is divided by 9874.
19
What is the remainder when 458545 is divided by 118?
115
What is the remainder when 4006885 is 